 14758.
2, 47, 157
List the prime factors of 2265455.
5, 41, 43, 257
List the prime factors of 64646.
2, 32323
List the prime factors of 168606.
2, 3, 17, 19, 29
What are the prime factors of 11772?
2, 3, 109
What are the prime factors of 77978?
2, 127, 307
What are the prime factors of 36821105?
5, 37, 199033
What are the prime factors of 8051648?
2, 11, 11437
List the prime factors of 545242.
2, 272621
What are the prime factors of 6401252?
2, 11, 13, 19, 31
List the prime factors of 6489684.
2, 3, 71, 2539
List the prime factors of 248414.
2, 29, 4283
What are the prime factors of 18006?
2, 3, 3001
List the prime factors of 180974.
2, 41, 2207
What are the prime factors of 3194589?
3, 17, 62639
What are the prime factors of 627990?
2, 3, 5, 11, 173
What are the prime factors of 1061401?
11, 47, 2053
List the prime factors of 6107350.
2, 5, 122147
What are the prime factors of 474314?
2, 237157
What are the prime factors of 6602056?
2, 877, 941
What are the prime factors of 320572?
2, 7, 107
List the prime factors of 42205335.
3, 5, 1091, 2579
What are the prime factors of 823677?
3, 463, 593
What are the prime factors of 296506?
2, 7, 21179
What are the prime factors of 6232187?
13, 29, 61, 271
What are the prime factors of 1987920?
2, 3, 5, 11, 251
What are the prime factors of 26205?
3, 5, 1747
List the prime factors of 1661584.
2, 29, 3581
What are the prime factors of 10188287?
17, 23, 71, 367
What are the prime factors of 58596?
2, 3, 19, 257
What are the prime factors of 229928?
2, 41, 701
List the prime factors of 7921810.
2, 5, 13, 60937
List the prime factors of 1450026.
2, 3, 80557
List the prime factors of 168677.
168677
List the prime factors of 175548.
2, 3, 14629
List the prime factors of 766245.
3, 5, 23, 2221
What are the prime factors of 13290507?
3, 137, 3593
List the prime factors of 3235443.
3, 29, 37189
List the prime factors of 140369.
17, 23, 359
List the prime factors of 300256.
2, 11, 853
List the prime factors of 899146.
2, 463, 971
List the prime factors of 5473432.
2, 47, 14557
List the prime factors of 2373197.
101, 23497
What are the prime factors of 4704783?
3, 281, 5581
What are the prime factors of 2590795?
5, 518159
What are the prime factors of 39707?
59, 673
What are the prime factors of 2003922?
2, 3, 163, 683
What are the prime factors of 17152674?
2, 3, 7, 11, 137, 271
List the prime factors of 575912.
2, 193, 373
What are the prime factors of 11047362?
2, 3, 67, 27481
What are the prime factors of 13374212?
2, 3343553
What are the prime factors of 5401594?
2, 11, 245527
What are the prime factors of 7534082?
2, 3767041
What are the prime factors of 3420563?
3420563
List the prime factors of 3054087.
3, 61, 5563
What are the prime factors of 324908?
2, 43, 1889
What are the prime factors of 41145634?
2, 20572817
List the prime factors of 335966.
2, 173, 971
What are the prime factors of 5112092?
2, 241, 5303
List the prime factors of 9769520.
2, 5, 29, 4211
List the prime factors of 4993067.
19, 317, 829
List the prime factors of 603512.
2, 7, 13, 829
What are the prime factors of 6127112?
2, 765889
What are the prime factors of 13199256?
2, 3, 7, 26189
List the prime factors of 188324.
2, 23, 89
List the prime factors of 749219.
749219
List the prime factors of 72587.
29, 2503
List the prime factors of 3035439.
3, 11, 30661
What are the prime factors of 1969798?
2, 53, 18583
What are the prime factors of 5347959?
3, 197, 9049
What are the prime factors of 378184?
2, 41, 1153
What are the prime factors of 664279?
7, 11, 8627
What are the prime factors of 8507767?
1531, 5557
List the prime factors of 493654.
2, 7, 37, 953
What are the prime factors of 40044?
2, 3, 47, 71
What are the prime factors of 1914623?
1914623
List the prime factors of 22395863.
7, 887, 3607
What are the prime factors of 322402?
2, 161201
What are the prime factors of 8680598?
2, 4340299
List the prime factors of 656746.
2, 328373
List the prime factors of 611257.
611257
What are the prime factors of 2390031?
3, 7, 59, 643
List the prime factors of 7899223.
29, 421, 647
List the prime factors of 768909.
3, 73, 3511
List the prime factors of 3411616.
2, 13, 59, 139
List the prime factors of 1510309.
1510309
What are the prime factors of 299158?
2, 149579
What are the prime factors of 54050?
2, 5, 23, 47
List the prime factors of 7056269.
11, 641479
List the prime factors of 13614.
2, 3, 2269
List the prime factors of 531494.
2, 265747
List the prime factors of 9362007.
3, 269, 1289
List the prime factors of 461862.
2, 3, 2851
What are the prime factors of 1284414?
2, 3, 214069
List the prime factors of 1106340.
2, 3, 5, 18439
What are the prime factors of 296725?
5, 11, 13, 83
What are the prime factors of 1265821?
29, 43649
What are the prime factors of 2273172?
2, 3, 11, 17, 1013
List the prime factors of 127413.
3, 11, 13
List the prime factors of 4617169.
1571, 2939
List the prime factors of 13799702.
2, 7, 71, 13883
What are the prime factors of 2437794?
2, 3, 135433
List the prime factors of 1254672.
2, 3, 8713
What are the prime factors of 134692?
2, 151, 223
List the prime factors of 236108.
2, 67, 881
List the prime factors of 246741.
3, 11, 7477
What are the prime factors of 323271?
3, 13, 307
List the prime factors of 399658.
2, 7, 28547
List the prime factors of 1602972.
2, 3, 7, 6361
List the prime factors of 2335941.
3, 277, 937
List the prime factors of 13369036.
2, 127, 26317
List the prime factors of 29282412.
2, 3, 2440201
What are the prime factors of 805918?
2, 53, 7603
What are the prime factors of 1228359?
3, 11, 37223
What are the prime factors of 1773101?
11, 359, 449
List the prime factors of 2328433.
1103, 2111
What are the prime factors of 321762?
2, 3, 7, 47, 163
What are the prime factors of 775328?
2, 24229
List the prime factors of 232099.
7, 71, 467
What are the prime factors of 4734372?
2, 3, 37, 10663
What are the prime factors of 484151?
484151
List the prime factors of 6990121.
349, 20029
What are the prime factors of 1150888?
2, 263, 547
What are the prime factors of 40664356?
2, 53, 83, 2311
List the prime factors of 2099433.
3, 7, 257, 389
List the prime factors of 21410.
2, 5, 2141
List the prime factors of 1003296.
2, 3, 7, 1493
What are the prime factors of 42714?
2, 3, 7, 113
List the prime factors of 3418473.
3, 1139491
What are the prime factors of 1193972?
2, 13, 22961
What are the prime factors of 8936422?
2, 11, 19, 21379
What are the prime factors of 284037?
3, 13, 7283
List the prime factors of 202828.
2, 50707
List the prime factors of 1453529.
7, 11, 43, 439
What are the prime factors of 1849933?
1849933
List the prime factors of 8129193.
3, 29, 41, 43, 53
What are the prime factors of 575811?
3, 137, 467
List the prime factors of 28239.
3, 9413
List the prime factors of 297814.
2, 11, 13537
List the prime factors of 765430.
2, 5, 76543
What are the prime factors of 10166983?
10166983
What are the prime factors of 9266771?
9266771
List the prime factors of 1188270.
2, 3, 5, 163
What are the prime factors of 3125686?
2, 37, 42239
List the prime factors of 541508.
2, 11, 31, 397
What are the prime factors of 1139142?
2, 3, 373, 509
List the prime factors of 3284058.
2, 3, 59, 9277
List the prime factors of 1552618.
2, 181, 4289
What are the prime factors of 564465?
3, 5, 11, 311
What are the prime factors of 259494?
2, 3, 61, 709
List the prime factors of 477397.
79, 6043
List the prime factors of 76409.
109, 701
List the prime factors of 6968853.
3, 774317
What are the prime factors of 1088113?
13, 83701
What are the prime factors of 11597184?
2, 3, 10067
List the prime factors of 5048109.
3, 11, 23, 739
List the prime factors of 5645521.
7, 806503
What are the prime factors of 1973551?
1213, 1627
List the prime factors of 230639.
17, 13567
List the prime factors of 1856413.
13, 61, 2341
List the prime factors of 853289.
853289
What are the prime factors of 164410?
2, 5, 41, 401
What are the prime factors of 1999563?
3, 89, 7489
List the prime factors of 2281075.
5, 91243
List the prime factors of 578227.
13, 19, 2341
What are the prime factors of 4701624?
2, 3, 227, 863
List the prime factors of 5632690.
2, 5, 7, 67, 1201
What are the prime factors of 4230752?
2, 29, 47, 97
